{"id":488,"date":"2018-02-10T14:28:44","date_gmt":"2018-02-10T13:28:44","guid":{"rendered":"http:\/\/2018.gaiamedia.org\/deutsch\/?page_id=488"},"modified":"2025-07-10T10:57:00","modified_gmt":"2025-07-10T08:57:00","slug":"spende","status":"publish","type":"page","link":"https:\/\/www.gaiamedia.org\/deutsch\/ueber-uns\/spende\/","title":{"rendered":"spende"},"content":{"rendered":"<div id=\"pl-488\"  class=\"panel-layout\" ><div id=\"pg-488-0\"  class=\"panel-grid panel-no-style\" ><div id=\"pgc-488-0-0\"  class=\"panel-grid-cell\" ><div id=\"panel-488-0-0-0\" class=\"so-panel widget widget_text panel-first-child panel-last-child\" data-index=\"0\" >\t\t\t<div class=\"textwidget\"><p>Mit Ihrer Spende unterst\u00fctzen Sie unsere gegenw\u00e4rtigen und geplanten Aktivit\u00e4ten und Projekte \u2013 vielen Dank.<\/p>\n<p>Der Kanton Basel-Stadt hat der Gaia Media Stiftung Steuerfreiheit und Spendenabzugsberechtigung zuerkannt. Spender ausserhalb des Kantons resp. der Schweiz sind gebeten, sich bei ihrer Steuerbeh\u00f6rde zu erkundigen, ob an ihrem Ort das sogenannte Gegenrecht ausge\u00fcbt wird.<\/p>\n<p>Sie haben folgende M\u00f6glichkeiten, uns eine Spende zukommen zu lassen:<\/p>\n<p><strong>1. \u00dcberweisungen mit PayPal oder Kreditkarte<\/strong><\/p>\n<\/div>\n\t\t<\/div><\/div><\/div><div id=\"pg-488-1\"  class=\"panel-grid panel-no-style\" ><div id=\"pgc-488-1-0\"  class=\"panel-grid-cell panel-grid-cell-mobile-last\" ><div id=\"panel-488-1-0-0\" class=\"widget_text so-panel widget widget_custom_html panel-first-child panel-last-child\" data-index=\"1\" ><h3 class=\"widget-title\">CHF<\/h3><div class=\"textwidget custom-html-widget\"><a href=\"https:\/\/buy.stripe.com\/28EaEYa8t5aDdFg0Lz2Nq00\">\n\t<button>\n\t\tSpenden\n\t<\/button>\n<\/a><\/div><\/div><\/div><div id=\"pgc-488-1-1\"  class=\"panel-grid-cell panel-grid-cell-empty\" ><\/div><\/div><div id=\"pg-488-2\"  class=\"panel-grid panel-no-style\" ><div id=\"pgc-488-2-0\"  class=\"panel-grid-cell\" ><div id=\"panel-488-2-0-0\" class=\"so-panel widget widget_text panel-first-child panel-last-child\" data-index=\"2\" >\t\t\t<div class=\"textwidget\"><p><strong>2. \u00dcberweisungen in CHF<\/strong><\/p>\n<p>Postkonto 40-139837-1<br \/>\nIBAN CH16 0900 0000 4013 9837 1<br \/>\nBIC|SWIFT POFICHBEXXX<\/p>\n<\/div>\n\t\t<\/div><\/div><div id=\"pgc-488-2-1\"  class=\"panel-grid-cell\" ><div id=\"panel-488-2-1-0\" class=\"so-panel widget widget_text panel-first-child panel-last-child\" data-index=\"3\" >\t\t\t<div class=\"textwidget\"><p><strong>3. \u00dcberweisungen in EUR<\/strong><\/p>\n<p>Postfinance AG Schweiz<br \/>\nGaia Media Stiftung<br \/>\nKonto-Nr.: 91-519480-7<br \/>\nIBAN: CH35 0900 0000 9151 9480 7<br \/>\nBIC|SWIFT: POFICHBEXXX<\/p>\n<\/div>\n\t\t<\/div><\/div><\/div><div id=\"pg-488-3\"  class=\"panel-grid panel-no-style\" ><div id=\"pgc-488-3-0\"  class=\"panel-grid-cell\" ><div id=\"panel-488-3-0-0\" class=\"so-panel widget widget_text panel-first-child panel-last-child\" data-index=\"4\" >\t\t\t<div class=\"textwidget\"><p><span class=\"flatter\">Sofort nach Zahlungseingang erhalten Sie per Email eine Spendenbest\u00e4tigung<\/span><\/p>\n<\/div>\n\t\t<\/div><\/div><\/div><\/div>","protected":false},"excerpt":{"rendered":"<p>Mit Ihrer Spende unterst\u00fctzen Sie unsere gegenw\u00e4rtigen und geplanten Aktivit\u00e4ten und Projekte \u2013 vielen Dank. Der Kanton Basel-Stadt hat der Gaia Media Stiftung Steuerfreiheit und Spendenabzugsberechtigung zuerkannt. Spender ausserhalb des Kantons resp. der Schweiz sind gebeten, sich bei ihrer Steuerbeh\u00f6rde zu erkundigen, ob an ihrem Ort das sogenannte Gegenrecht ausge\u00fcbt wird. Sie haben folgende M\u00f6glichkeiten,<a href=\"https:\/\/www.gaiamedia.org\/deutsch\/ueber-uns\/spende\/\" class=\"read-more\">Continue Reading<\/a><\/p>\n","protected":false},"author":1,"featured_media":0,"parent":18,"menu_order":3,"comment_status":"closed","ping_status":"closed","template":"","meta":[],"_links":{"self":[{"href":"https:\/\/www.gaiamedia.org\/deutsch\/wp-json\/wp\/v2\/pages\/488"}],"collection":[{"href":"https:\/\/www.gaiamedia.org\/deutsch\/wp-json\/wp\/v2\/pages"}],"about":[{"href":"https:\/\/www.gaiamedia.org\/deutsch\/wp-json\/wp\/v2\/types\/page"}],"author":[{"embeddable":true,"href":"https:\/\/www.gaiamedia.org\/deutsch\/wp-json\/wp\/v2\/users\/1"}],"replies":[{"embeddable":true,"href":"https:\/\/www.gaiamedia.org\/deutsch\/wp-json\/wp\/v2\/comments?post=488"}],"version-history":[{"count":46,"href":"https:\/\/www.gaiamedia.org\/deutsch\/wp-json\/wp\/v2\/pages\/488\/revisions"}],"predecessor-version":[{"id":3616,"href":"https:\/\/www.gaiamedia.org\/deutsch\/wp-json\/wp\/v2\/pages\/488\/revisions\/3616"}],"up":[{"embeddable":true,"href":"https:\/\/www.gaiamedia.org\/deutsch\/wp-json\/wp\/v2\/pages\/18"}],"wp:attachment":[{"href":"https:\/\/www.gaiamedia.org\/deutsch\/wp-json\/wp\/v2\/media?parent=488"}],"curies":[{"name":"wp","href":"https:\/\/api.w.org\/{rel}","templated":true}]}}