{"id":49,"date":"2017-11-24T23:23:34","date_gmt":"2017-11-24T22:23:34","guid":{"rendered":"http:\/\/2018.gaiamedia.org\/deutsch\/?page_id=49"},"modified":"2024-04-25T14:58:09","modified_gmt":"2024-04-25T12:58:09","slug":"gaia-media","status":"publish","type":"page","link":"https:\/\/www.gaiamedia.org\/deutsch\/ueber-uns\/gaia-media\/","title":{"rendered":"gaia media"},"content":{"rendered":"<div id=\"pl-49\"  class=\"panel-layout\" ><div id=\"pg-49-0\"  class=\"panel-grid panel-no-style\" ><div id=\"pgc-49-0-0\"  class=\"panel-grid-cell\" ><div id=\"panel-49-0-0-0\" class=\"so-panel widget widget_sow-editor panel-first-child panel-last-child\" data-index=\"0\" ><div class=\"so-widget-sow-editor so-widget-sow-editor-base\">\n<div class=\"siteorigin-widget-tinymce textwidget\">\n\t<p style=\"text-align: right;\"><span style=\"color: #00ca15;\">Das Bewusstsein ist die Grundlage des Seins \u2013 ohne eine globale Revolution des Bewusstseins wird sich nichts in der Welt des menschlichen Seins verbessern und die Katastrophe \u2013 der \u00f6kologische, sozial-demographische oder sogar allgemeine Zusammenbruch -, auf die die Welt zusteuert, wird unvermeidlich.<\/span><br \/><span style=\"color: #00ca15;\"> <i>Vaclav Havel<\/i>\u00a0<\/span><\/p>\n<\/div>\n<\/div><\/div><\/div><div id=\"pgc-49-0-1\"  class=\"panel-grid-cell\" ><div id=\"panel-49-0-1-0\" class=\"so-panel widget widget_text panel-first-child panel-last-child\" data-index=\"1\" >\t\t\t<div class=\"textwidget\"><p>gaiamedia ist eine am 23. Juli 1993 in Basel gegr\u00fcndete gemeinn\u00fctzige Stiftung mit dem Zweck Informationen zu vermitteln, die zu einem ganzheitlichen Verst\u00e4ndnis der Natur und des menschlichen Daseins beitragen.<\/p>\n<\/div>\n\t\t<\/div><\/div><\/div><div id=\"pg-49-1\"  class=\"panel-grid panel-no-style\" ><div id=\"pgc-49-1-0\"  class=\"panel-grid-cell\" ><div id=\"panel-49-1-0-0\" class=\"so-panel widget widget_sow-editor panel-first-child panel-last-child\" data-index=\"2\" ><div class=\"so-widget-sow-editor so-widget-sow-editor-base\">\n<div class=\"siteorigin-widget-tinymce textwidget\">\n\t<p style=\"text-align: right;\"><span style=\"color: #3564c9;\">Das Bewusstsein zu ver\u00e4ndern ist ein grundlegender Trieb der menschlichen Psyche.<\/span><br \/><span style=\"color: #3564c9;\"><em>Stanislav Grof<\/em><\/span><\/p>\n<\/div>\n<\/div><\/div><\/div><div id=\"pgc-49-1-1\"  class=\"panel-grid-cell\" ><div id=\"panel-49-1-1-0\" class=\"so-panel widget widget_text panel-first-child panel-last-child\" data-index=\"3\" >\t\t\t<div class=\"textwidget\"><p>Die Ausbeutung der Erde, der technische Fortschritt und die sich immer schneller ver\u00e4ndernden \u00f6kologischen und sozialen Bedingungen bedrohen zunehmend die Umwelt und gef\u00e4hrden die Existenz des Menschen. Diese rasante globale Entwicklung stellt uns vor eine Herausforderung von bisher nie gekannter Komplexit\u00e4t und Dringlichkeit. Ein Bewusstseinswandel ist n\u00f6tig \u2013 eine bessere Welt ist m\u00f6glich.<\/p>\n<\/div>\n\t\t<\/div><\/div><\/div><div id=\"pg-49-2\"  class=\"panel-grid panel-no-style\" ><div id=\"pgc-49-2-0\"  class=\"panel-grid-cell\" ><div id=\"panel-49-2-0-0\" class=\"so-panel widget widget_sow-editor panel-first-child panel-last-child\" data-index=\"4\" ><div class=\"so-widget-sow-editor so-widget-sow-editor-base\">\n<div class=\"siteorigin-widget-tinymce textwidget\">\n\t<p style=\"text-align: right;\"><span style=\"color: #00ca15;\">An dieser Welt ist nichts falsch. Falsch ist lediglich die Art, wie wir sie anschauen.<\/span><br \/><span style=\"color: #00ca15;\"><em>Henry Miller <\/em><\/span><\/p>\n<\/div>\n<\/div><\/div><\/div><div id=\"pgc-49-2-1\"  class=\"panel-grid-cell\" ><div id=\"panel-49-2-1-0\" class=\"so-panel widget widget_text panel-first-child panel-last-child\" data-index=\"5\" >\t\t\t<div class=\"textwidget\"><p>Wir recherchieren gute Nachrichten, positive Entwicklungen und hilfreiche Erkenntnisse, sowohl aus deutsch- als auch aus englischsprachigen Quellen. Wir sind \u00fcberzeugt, dass ein achtsames und respektvolles Handeln gemeinsam mit unseren Mitmenschen und in Einklang mit der Natur erstrebenswert ist und uns allen ein gerechtes, friedliches und erf\u00fclltes Leben erm\u00f6glicht.<\/p>\n<\/div>\n\t\t<\/div><\/div><\/div><div id=\"pg-49-3\"  class=\"panel-grid panel-no-style\" ><div id=\"pgc-49-3-0\"  class=\"panel-grid-cell\" ><div id=\"panel-49-3-0-0\" class=\"so-panel widget widget_sow-editor panel-first-child panel-last-child\" data-index=\"6\" ><div class=\"so-widget-sow-editor so-widget-sow-editor-base\">\n<div class=\"siteorigin-widget-tinymce textwidget\">\n\t<p style=\"text-align: right;\"><span style=\"color: #3564c9;\">Um hinter die Evolution des Bewusstseins zu kommen, braucht man sich nur an die Evolution der Lernf\u00e4higkeit zu halten.<\/span><br \/><span style=\"color: #3564c9;\"> <i>Julian Jaynes<\/i><\/span><\/p>\n<\/div>\n<\/div><\/div><\/div><div id=\"pgc-49-3-1\"  class=\"panel-grid-cell\" ><div id=\"panel-49-3-1-0\" class=\"so-panel widget widget_text panel-first-child panel-last-child\" data-index=\"7\" >\t\t\t<div class=\"textwidget\"><p>Auf unserer Website und in einem monatlichen elektronischen <a href=\"https:\/\/www.gaiamedia.org\/deutsch\/deutsch\/goodnews\/goodnewsletter-abonnieren\/\">goodnewsletter<\/a> verweisen wir auf eine Auswahl erfreulicher Informationen, lesenswerter Publikationen sowie Links zu sinnvollen Initiativen und Organisationen.<\/p>\n<\/div>\n\t\t<\/div><\/div><\/div><div id=\"pg-49-4\"  class=\"panel-grid panel-no-style\" ><div id=\"pgc-49-4-0\"  class=\"panel-grid-cell\" ><div id=\"panel-49-4-0-0\" class=\"so-panel widget widget_sow-editor panel-first-child panel-last-child\" data-index=\"8\" ><div class=\"so-widget-sow-editor so-widget-sow-editor-base\">\n<div class=\"siteorigin-widget-tinymce textwidget\">\n\t<p style=\"text-align: right;\"><span style=\"color: #00ca15;\">Wer scharf denkt, wird Pessimist. Wer tief denkt, wird Optimist.<\/span><br \/><span style=\"color: #00ca15;\"><em>Henri Bergson<\/em><\/span><\/p>\n<\/div>\n<\/div><\/div><\/div><div id=\"pgc-49-4-1\"  class=\"panel-grid-cell\" ><div id=\"panel-49-4-1-0\" class=\"so-panel widget widget_text panel-first-child panel-last-child\" data-index=\"9\" >\t\t\t<div class=\"textwidget\"><p>Bitte unterst\u00fctzen Sie unsere gegenw\u00e4rtigen Aktivit\u00e4ten und zuk\u00fcnftigen Projekte mit einer <a href=\"https:\/\/www.gaiamedia.org\/deutsch\/deutsch\/ueber-uns\/goennerschaft\/\">G\u00f6nnerschaft<\/a> oder mit einer <a href=\"https:\/\/www.gaiamedia.org\/deutsch\/deutsch\/ueber-uns\/spende\/\">Spende<\/a>. Herzlichen Dank!<\/p>\n<\/div>\n\t\t<\/div><\/div><\/div><div id=\"pg-49-5\"  class=\"panel-grid panel-no-style\" ><div id=\"pgc-49-5-0\"  class=\"panel-grid-cell\" ><div id=\"panel-49-5-0-0\" class=\"so-panel widget widget_sow-editor panel-first-child panel-last-child\" data-index=\"10\" ><div class=\"so-widget-sow-editor so-widget-sow-editor-base\">\n<div class=\"siteorigin-widget-tinymce textwidget\">\n\t<p style=\"text-align: right;\"><span style=\"color: #3564c9;\">Das Wissen von der Welt steht vor einer Revolution.<\/span><br \/><span style=\"color: #3564c9;\"><i>Ervin Laszlo<\/i><\/span><\/p>\n<\/div>\n<\/div><\/div><\/div><div id=\"pgc-49-5-1\"  class=\"panel-grid-cell\" ><div id=\"panel-49-5-1-0\" class=\"so-panel widget widget_text panel-first-child panel-last-child\" data-index=\"11\" >\t\t\t<div class=\"textwidget\"><p>Bis zum Jahr 2009 bot der Gaia Bazar in Basel Literatur zu verschiedenen Lebens- und Wissensbereichen an, von Ayahuasca bis Zen. In der Gaia Lounge trafen sich Interessierte zu Gespr\u00e4chen oder besuchten Abendvortr\u00e4ge zu solchen Themen.<\/p>\n<p>Aus Anlass des 100. Geburtstages von Albert Hofmann organisierten wir 2006 unter dem Titel \u201cThe Spirit of Basel\u201d das internationale Symposium \u201cLSD \u2013 Sorgenkind und Wunderdroge\u201d (<a href=\"http:\/\/www.lsd.info\/\" target=\"_blank\" rel=\"noopener\">www.LSD.info<\/a>). Zwei Jahre sp\u00e4ter folgte das \u201cWelt Psychedelik Forum\u201d (<a href=\"http:\/\/www.psychedelik.info\/\" target=\"_blank\" rel=\"noopener\">www.psychedelik.info<\/a>).<\/p>\n<p>Die \u201cgaiamedianews\u201d erschienen bis 2006 als gedruckter Newsletter. Der danach eingef\u00fchrte elektronische <a href=\"https:\/\/www.gaiamedia.org\/deutsch\/deutsch\/goodnews\/goodnewsletter-abonnieren\/\">GoodNewsLetter<\/a> erreicht inzwischen Abonnenten aus \u00fcber 50 L\u00e4ndern.<\/p>\n<\/div>\n\t\t<\/div><\/div><\/div><div id=\"pg-49-6\"  class=\"panel-grid panel-no-style\" ><div id=\"pgc-49-6-0\"  class=\"panel-grid-cell panel-grid-cell-empty\" ><\/div><div id=\"pgc-49-6-1\"  class=\"panel-grid-cell\" ><div id=\"panel-49-6-1-0\" class=\"so-panel widget widget_text panel-first-child panel-last-child\" data-index=\"12\" ><h3 class=\"widget-title\">Stiftungsrat<\/h3>\t\t\t<div class=\"textwidget\"><p><strong>Kerim Seiler<\/strong><br \/>\nBildender K\u00fcnstler.<\/p>\n<p><strong>Dr. iur. Alexander Suter<\/strong><br \/>\nLeiter Abteilung Soziales bei der Christoph Merian Stiftung CMS, Mitglied der Eidgen\u00f6ssischen Kommission f\u00fcr Familienfragen EKFF. Er ist seit Ende 2022 Mitglied im Stiftungsrat der Gaia Media Stiftung und Eigent\u00fcmer der R\u00e4umlichkeiten an der Hochstrasse 70 in Basel.<\/p>\n<div class=\"gmail_default\"><strong>Marion Neumann<\/strong><\/div>\n<div class=\"gmail_default\">Film, Installation, Performance. Ihre k\u00fcnstlerische Praxis bewegt sich an den Grenzen von Wissenschaft, Poesie und zeitgen\u00f6ssischen, sozialen Themen.<\/div>\n<div class=\"gmail_default\">Als Gr\u00fcndungsmitglied des psychedelischen Vereins der Schweiz, eleusis-society, setzt sie sich f\u00fcr ein besseres Verst\u00e4ndnis der Psychonautik und die Integration von Erfahrungen mit ver\u00e4nderten Bewusstseinszust\u00e4nden ein. Sie ist seit Ende 2022 Mitglied im Stiftungsrat.<\/div>\n<div><\/div>\n<\/div>\n\t\t<\/div><\/div><\/div><div id=\"pg-49-7\"  class=\"panel-grid panel-no-style\" ><div id=\"pgc-49-7-0\"  class=\"panel-grid-cell panel-grid-cell-empty\" ><\/div><div id=\"pgc-49-7-1\"  class=\"panel-grid-cell\" ><div id=\"panel-49-7-1-0\" class=\"so-panel widget widget_text panel-first-child panel-last-child\" data-index=\"13\" ><h3 class=\"widget-title\">Team<\/h3>\t\t\t<div class=\"textwidget\"><p><strong>Susanne G. Seiler<br \/>\n<\/strong>betreut den Newsletter <i>gaiamedia goodnews<\/i>\u00a0in deutscher und englischer Sprache\u00a0<span lang=\"DE-CH\">sowie die Mediathek und Online-Bibliothek.<\/span><\/p>\n<\/div>\n\t\t<\/div><\/div><\/div><div id=\"pg-49-8\"  class=\"panel-grid panel-no-style\" ><div id=\"pgc-49-8-0\"  class=\"panel-grid-cell panel-grid-cell-empty\" ><\/div><div id=\"pgc-49-8-1\"  class=\"panel-grid-cell\" ><div id=\"panel-49-8-1-0\" class=\"so-panel widget widget_text panel-first-child panel-last-child\" data-index=\"14\" ><h3 class=\"widget-title\">Ehemalige Stiftungsr\u00e4te<\/h3>\t\t\t<div class=\"textwidget\"><p><strong>Dieter Hagenbach<\/strong><br \/>\nGr\u00fcnder und ehemaliger Pr\u00e4sident; Gr\u00fcnder und ehemaliger Leiter der Buchhandlung Sphinx und des Sphinx Verlag, ehemaliger Literaturagent. Co-Autor des Buches <em>Albert Hofmann und sein LSD.\u00a0<\/em><a href=\"https:\/\/www.gaiamedia.org\/deutsch\/deutsch\/2016\/08\/17\/nachruf-auf-dieter-hagenbach\/\"><strong>Nachruf<\/strong><\/a><\/p>\n<p><strong>Lucius Werthm\u00fcller<br \/>\n<\/strong>Pr\u00e4sident und Mitbegr\u00fcnder der Gaia Media Stiftung, Pr\u00e4sident des Basler Psi-Vereins, ehemaliger Projektleiter der Basler Psi-Tage. Co-Autor\u00a0des Buches <i>Albert Hofmann und sein LSD<\/i><\/p>\n<p><strong>Dr. Albert Hofmann<br \/>\n<\/strong>Chemiker, Entdecker des LSD, geh\u00f6rte bis zu seinem Tod am 29. April 2008 dem Stiftungsrat an.\u00a0<a href=\"https:\/\/www.gaiamedia.org\/deutsch\/deutsch\/2008\/04\/30\/albert-hofmann-11-januar-1906-29-april-2008\/\" data-saferedirecturl=\"https:\/\/www.google.com\/url?hl=en&amp;q=https:\/\/www.gaiamedia.org\/deutsch\/deutsch\/2008\/04\/30\/albert-hofmann-11-januar-1906-29-april-20\/&amp;source=gmail&amp;ust=1519489767234000&amp;usg=AFQjCNHGsmNZAM8kMXTJzmHGpS0dLvJ4Ag\"><strong>Nachruf<\/strong><\/a><\/p>\n<p><strong>Dr. Pierre Joset<\/strong><br \/>\nMitbegr\u00fcnder der Gaia Media Stiftung, Anwalt, Initiator von sozialen und kulturellen Projekten, seit 2017 wieder Mitglied des Stiftungsrats<\/p>\n<p><strong>Michael Gasser<\/strong><br \/>\nBiochemiker, ehemaliger Leiter des Gaia Bazar und der Gaia Lounge<\/p>\n<\/div>\n\t\t<\/div><\/div><\/div><\/div>","protected":false},"excerpt":{"rendered":"<p>Das Bewusstsein ist die Grundlage des Seins \u2013 ohne eine globale Revolution des Bewusstseins wird sich nichts in der Welt des menschlichen Seins verbessern und die Katastrophe \u2013 der \u00f6kologische, sozial-demographische oder sogar allgemeine Zusammenbruch -, auf die die Welt zusteuert, wird unvermeidlich. Vaclav Havel\u00a0 gaiamedia ist eine am 23. Juli 1993 in Basel gegr\u00fcndete<a href=\"https:\/\/www.gaiamedia.org\/deutsch\/ueber-uns\/gaia-media\/\" class=\"read-more\">Continue Reading<\/a><\/p>\n","protected":false},"author":1,"featured_media":0,"parent":18,"menu_order":1,"comment_status":"closed","ping_status":"closed","template":"","meta":[],"_links":{"self":[{"href":"https:\/\/www.gaiamedia.org\/deutsch\/wp-json\/wp\/v2\/pages\/49"}],"collection":[{"href":"https:\/\/www.gaiamedia.org\/deutsch\/wp-json\/wp\/v2\/pages"}],"about":[{"href":"https:\/\/www.gaiamedia.org\/deutsch\/wp-json\/wp\/v2\/types\/page"}],"author":[{"embeddable":true,"href":"https:\/\/www.gaiamedia.org\/deutsch\/wp-json\/wp\/v2\/users\/1"}],"replies":[{"embeddable":true,"href":"https:\/\/www.gaiamedia.org\/deutsch\/wp-json\/wp\/v2\/comments?post=49"}],"version-history":[{"count":73,"href":"https:\/\/www.gaiamedia.org\/deutsch\/wp-json\/wp\/v2\/pages\/49\/revisions"}],"predecessor-version":[{"id":3096,"href":"https:\/\/www.gaiamedia.org\/deutsch\/wp-json\/wp\/v2\/pages\/49\/revisions\/3096"}],"up":[{"embeddable":true,"href":"https:\/\/www.gaiamedia.org\/deutsch\/wp-json\/wp\/v2\/pages\/18"}],"wp:attachment":[{"href":"https:\/\/www.gaiamedia.org\/deutsch\/wp-json\/wp\/v2\/media?parent=49"}],"curies":[{"name":"wp","href":"https:\/\/api.w.org\/{rel}","templated":true}]}}