{"id":54,"date":"2017-11-24T23:24:50","date_gmt":"2017-11-24T22:24:50","guid":{"rendered":"http:\/\/2018.gaiamedia.org\/deutsch\/?page_id=54"},"modified":"2025-02-21T11:18:27","modified_gmt":"2025-02-21T10:18:27","slug":"goodnewsletter-abonnieren","status":"publish","type":"page","link":"https:\/\/www.gaiamedia.org\/deutsch\/goodnews\/goodnewsletter-abonnieren\/","title":{"rendered":"goodnewsletter abonnieren"},"content":{"rendered":"<div id=\"pl-54\"  class=\"panel-layout\" ><div id=\"pg-54-0\"  class=\"panel-grid panel-no-style\" ><div id=\"pgc-54-0-0\"  class=\"panel-grid-cell\" ><div id=\"panel-54-0-0-0\" class=\"widget_text so-panel widget widget_custom_html panel-first-child\" data-index=\"0\" ><div class=\"textwidget custom-html-widget\"><div id=\"mc_embed_shell\">\n      <link href=\"\/\/cdn-images.mailchimp.com\/embedcode\/classic-061523.css\" rel=\"stylesheet\" type=\"text\/css\">\n  <style type=\"text\/css\">\n        #mc_embed_signup{background:#fff;clear:left; font:14px Helvetica,Arial,sans-serif; width: 600px;}\n        \/* Add your own Mailchimp form style overrides in your site stylesheet or in this style block.\n           We recommend moving this block and the preceding CSS link to the HEAD of your HTML file. *\/\n<\/style>\n<div id=\"mc_embed_signup\">\n    <form action=\"https:\/\/gaiamedia.us16.list-manage.com\/subscribe\/post?u=5fd9447087dac612d6ed75819&amp;id=9d9696e2fe&amp;f_id=00334de3f0\" method=\"post\" id=\"mc-embedded-subscribe-form\" name=\"mc-embedded-subscribe-form\" class=\"validate\" target=\"_blank\" style=\"margin:0\">\n        <div id=\"mc_embed_signup_scroll\"><h2>Bitte senden Sie mir den kostenlosen monatlichen goodnewsletter an folgende E-Mail-Adresse<\/h2>\n            <div class=\"indicates-required\"><span class=\"asterisk\">*<\/span> indicates required<\/div>\n            <div class=\"mc-field-group\"><label for=\"mce-EMAIL\">Email Addresse <span class=\"asterisk\">*<\/span><\/label><input type=\"email\" name=\"EMAIL\" class=\"required email\" id=\"mce-EMAIL\" required=\"\" value=\"\"><\/div>\n        <div id=\"mce-responses\" class=\"clear\">\n            <div class=\"response\" id=\"mce-error-response\" style=\"display: none;\"><\/div>\n            <div class=\"response\" id=\"mce-success-response\" style=\"display: none;\"><\/div>\n        <\/div><div aria-hidden=\"true\" style=\"position: absolute; left: -5000px;\"><input type=\"text\" name=\"b_5fd9447087dac612d6ed75819_9d9696e2fe\" tabindex=\"-1\" value=\"\"><\/div><div class=\"clear\"><input type=\"submit\" name=\"subscribe\" id=\"mc-embedded-subscribe\" class=\"button\" value=\"Subscribe\"><\/div>\n    <\/div>\n<\/form>\n<\/div>\n<script type=\"text\/javascript\" src=\"\/\/s3.amazonaws.com\/downloads.mailchimp.com\/js\/mc-validate.js\"><\/script><script type=\"text\/javascript\">(function($) {window.fnames = new Array(); window.ftypes = new Array();fnames[0]='EMAIL';ftypes[0]='email';fnames[1]='FNAME';ftypes[1]='text';fnames[2]='LNAME';ftypes[2]='text';fnames[3]='BIRTHDAY';ftypes[3]='birthday';}(jQuery));var $mcj = jQuery.noConflict(true);<\/script><\/div>\n<\/div><\/div><div id=\"panel-54-0-0-1\" class=\"so-panel widget widget_sow-editor panel-last-child\" data-index=\"1\" ><div class=\"so-widget-sow-editor so-widget-sow-editor-base\">\n<div class=\"siteorigin-widget-tinymce textwidget\">\n\t<p>Der goodnewsletter wird von der Adresse <strong>news(at)gaiamedia.org\u00a0<\/strong>verschickt.<\/p>\n<p>Um sicherzustellen, dass Sie diese erhalten (und sie nicht im Spam-Ordner landen), f\u00fcgen Sie bitte die Adresse\u00a0<strong>news(at)gaiamedia.org<\/strong>\u00a0Ihrem <em>Email-Adressbuch<\/em> oder Ihrer <em>Liste sicherer Adressen<\/em> hinzu, damit Ihnen keiner der zuk\u00fcnftigen Newsletter entgeht.<\/p>\n<p lang=\"de\"><strong>goodnewsletter mailing liste<\/strong><br \/> m\u00f6chtest du \u00e4ndern, wie du diese e-mails erh\u00e4ltst? sie k\u00f6nnen Ihre\u00a0<a href=\"https:\/\/gaiamedia.us16.list-manage.com\/profile?u=5fd9447087dac612d6ed75819&amp;id=9d9696e2fe&amp;e=[UNIQID]\" target=\"_blank\" rel=\"noopener\">einstellungen aktualisieren<\/a>\u00a0oder sich von dieser liste\u00a0<a href=\"https:\/\/gaiamedia.us16.list-manage.com\/unsubscribe?u=5fd9447087dac612d6ed75819&amp;id=9d9696e2fe&amp;e=[UNIQID]&amp;c=6638ea883e\" target=\"_blank\" rel=\"noopener\">abmelden<\/a>.<\/p>\n<\/div>\n<\/div><\/div><\/div><\/div><\/div>","protected":false},"excerpt":{"rendered":"<p>Der goodnewsletter wird von der Adresse news(at)gaiamedia.org\u00a0verschickt. Um sicherzustellen, dass Sie diese erhalten (und sie nicht im Spam-Ordner landen), f\u00fcgen Sie bitte die Adresse\u00a0news(at)gaiamedia.org\u00a0Ihrem Email-Adressbuch oder Ihrer Liste sicherer Adressen hinzu, damit Ihnen keiner der zuk\u00fcnftigen Newsletter entgeht. goodnewsletter mailing liste m\u00f6chtest du \u00e4ndern, wie du diese e-mails erh\u00e4ltst? sie k\u00f6nnen Ihre\u00a0einstellungen aktualisieren\u00a0oder sich von<a href=\"https:\/\/www.gaiamedia.org\/deutsch\/goodnews\/goodnewsletter-abonnieren\/\" class=\"read-more\">Continue Reading<\/a><\/p>\n","protected":false},"author":1,"featured_media":0,"parent":2,"menu_order":2,"comment_status":"closed","ping_status":"closed","template":"","meta":[],"_links":{"self":[{"href":"https:\/\/www.gaiamedia.org\/deutsch\/wp-json\/wp\/v2\/pages\/54"}],"collection":[{"href":"https:\/\/www.gaiamedia.org\/deutsch\/wp-json\/wp\/v2\/pages"}],"about":[{"href":"https:\/\/www.gaiamedia.org\/deutsch\/wp-json\/wp\/v2\/types\/page"}],"author":[{"embeddable":true,"href":"https:\/\/www.gaiamedia.org\/deutsch\/wp-json\/wp\/v2\/users\/1"}],"replies":[{"embeddable":true,"href":"https:\/\/www.gaiamedia.org\/deutsch\/wp-json\/wp\/v2\/comments?post=54"}],"version-history":[{"count":60,"href":"https:\/\/www.gaiamedia.org\/deutsch\/wp-json\/wp\/v2\/pages\/54\/revisions"}],"predecessor-version":[{"id":3419,"href":"https:\/\/www.gaiamedia.org\/deutsch\/wp-json\/wp\/v2\/pages\/54\/revisions\/3419"}],"up":[{"embeddable":true,"href":"https:\/\/www.gaiamedia.org\/deutsch\/wp-json\/wp\/v2\/pages\/2"}],"wp:attachment":[{"href":"https:\/\/www.gaiamedia.org\/deutsch\/wp-json\/wp\/v2\/media?parent=54"}],"curies":[{"name":"wp","href":"https:\/\/api.w.org\/{rel}","templated":true}]}}